 + 6*z(y). Give t(4).
-6
Let f(n) be the second derivative of -n**5/10 - 5*n**4/6 + 7*n**3/3 + 30*n**2 + 162*n. Give f(-5).
-10
Let i(m) = m**3 - 6*m**2 + 8*m - 6. Let d be (-2)/(-10)*(13 + -38 - -40). Calculate i(d).
-9
Let t(l) = -20*l**3 + 4*l**2 + 4*l. Let y be t(-1). Suppose -3*r - 10 - y = 0. Let g be ((-2)/(-6))/(r/300). Let c(q) = -q**3 - 9*q**2 + 10*q - 4. What is c(g)?
-4
Let v be ((-10)/(240/18))/(3/168). Let c(t) = -t**3 + t**2 + 2*t + 5. Let n be c(4). Let r = n - v. Let q(i) = -i**3 + 6*i**2 + 7*i + 6. What is q(r)?
6
Let a(o) = 2*o**2 - 5*o + 1. Let c = -7 - -20. Suppose 27 = 5*b - 8. Suppose b = 5*q - c. Determine a(q).
13
Let v(w) = -2*w - 1. Suppose -3*d = 2*d - 3*l - 21, -4*l = -2*d. Let b be 3/d*(15 + -5). Suppose -4*a - b + 13 = 0. Determine v(a).
-5
Let y(c) = -c**3 + 9*c**2 - 17*c + 27. Let w be y(7). Let j(i) = -3*i**2 + 15*i - 1. Calculate j(w).
-19
Let i(x) be the first derivative of -x**3/3 + 3*x**2/2 + 3*x + 327. Suppose 3*b + 0*b = 12. Give i(b).
-1
Let k = -25388 + 76165/3. Let w(n) be the first derivative of -1/2*n**4 + k*n**3 + 1/2*n**2 + 39 + 0*n. Give w(-1).
2
Let z(v) = -v**2 + 6*v - 18. Let i(m) = m + 1. Let b(t) = 3*i(t) + z(t). Let o be b(4). Let r(p) = p**3 - 6*p**2 + 7*p - 2. Calculate r(o).
8
Suppose 72 = 10*s - 6*s. Let h(l) = -6 - 3 + 46 - 3 - 19 - l. Give h(s).
-3
Let k(g) = -202*g + g**2 - 213*g - 19 + 404*g. What is k(-2)?
7
Let a(z) = -8694 + 17379 + 33*z - 8698. What is a(1)?
20
Suppose 26*c - 24*c - 4 = 0. Suppose 3*u - c = -2*u - n, -5*u - 1 = 2*n. Let v(j) = -6*j. Determine v(u).
-6
Suppose -3*v + 5*h = -0*h - 295, 5*v - 5*h = 505. Let w = 60 - v. Let n = 42 + w. Let t(r) = -r**3 - 5*r**2 - 2*r + 1. Calculate t(n).
-11
Let y(f) = -5*f**2 + f - 1. Let d = -39 + 63. Let r(p) = p**3 + 7*p**2 + 9*p + 18. Let h be r(-5). Let b = d - h. What is y(b)?
-5
Let c(x) = -463*x - 467*x + 1393*x + 2 - 462*x. Give c(-12).
-10
Let a(d) = 20*d**2 - d - 5. Let t(b) = 17*b**2 - 2*b - 3. Suppose 2*h - 11*z + 8*z + 14 = 0, 0 = -3*h - 3*z - 21. Let f(k) = h*t(k) + 6*a(k). What is f(-7)?
-16
Let g(q) = 12*q**2 + 5*q**2 + 8*q - 9*q + 1. Let s(v) = -3*v**2 - 52*v - 49. Let k be s(-20). Let p = 210 + k. Give g(p).
17
Suppose 2*r - 202 = 2*j - 186, -4*r = 5*j + 4. Let l(v) be the second derivative of -1/6*v**3 - 4*v - 1/2*v**2 + 0. Determine l(r).
-5
Let u(x) = -x**2 - 8. Let a be 3/(-6)*0/3. Calculate u(a).
-8
Let k(i) be the second derivative of i**4/12 - i**3/2 - 5*i**2 + 31*i - 44. Calculate k(-6).
44
Suppose 5*z + 113217 - 113282 = 0. Let c(m) = -m**3 + 11*m**2 + 31*m - 74. What is c(z)?
-9
Let s(q) = -5*q**3 - q**2. Let i be s(1). Let p(z) be the third derivative of z**6/120 + 7*z**5/60 + 5*z**4/24 + z**3/3 + 3251*z**2. Give p(i).
8
Suppose -8*v - 7 = -23. Let j(f) = 295 - 5*f**3 + 13*f**3 + f**v - 296. Give j(1).
8
Suppose -5*n + 2*o + 44 = 0, 0 = -0*o + o + 2. Let j = n + -5. Let d(t) = -4*t**2 + 3*t + 6. Let l(k) = -k**2 + k + 3. Let y(a) = -d(a) + 3*l(a). What is y(j)?
12
Let m(h) = h**3 + 10*h**2 - 2*h + 10. Suppose 2*a + 1512 = -3*w + 1502, 0 = -4*w - 3*a - 12. Calculate m(w).
166
Let d(w) = -w**3 + 6*w**2 + 19. Let z = 464 - 458. Give d(z).
19
Let g(d) = -d**3 - 4*d**2 + 7*d + 12. Let y be g(-5). Let i be 0 + -3 + y + -9. Let x = 17 + i. Let v(s) = 2*s - 7. Determine v(x).
7
Let x(j) = -j**2 - 23*j + 35. Let w be x(-24). Suppose -w*c - 3*c = -70. Let l(u) = -6*u - 6. Calculate l(c).
-36
Let t(p) = -2*p**3 - 7*p**2 - 21*p - 17. Let q(r) = r**3 + 3*r**2 + 11*r + 9. Let n(k) = -7*q(k) - 4*t(k). Suppose -857*o = 4566*o + 21692. What is n(o)?
25
Let a(g) = 4*g + 27 + 1 + 30 + 6 + 5*g - g**2. Determine a(-5).
-6
Let b(a) = -2*a**2 - 10*a + 8. Let u(m) = -3*m**2 - 20*m + 13. Let g(h) = -5*b(h) + 3*u(h). Let o be 6/4*460/69. Give g(o).
-1
Suppose 3*o = -7*v + 9*v + 64, 33 = o - 3*v. Let u(g) = -o*g**3 + g - 32*g**2 + 4 + 19*g**3 + 31*g**2. Calculate u(0).
4
Let i = 212 - -16. Suppose 25*j - 27*j - i = 0. Let p = -109 - j. Let g(q) = q**3 - 5*q**2 - q + 5. Give g(p).
0
Let s(q) = 0*q**2 - 474*q + 4 + q**2 + 474*q. Let a(h) = -h**2 + 9*h - 10. Let i be a(7). Suppose 3*l + 0 = -i*u + 8, -4*l = -2*u + 4. Give s(l).
4
Let h be 14/6 - (-7)/(-21). Suppose u - 18 = h*b, 26 = -0*b - 2*b + 5*u. Let g(z) = -z**2 - 8*z - 15. Give g(b).
-15
Let l(x) be the third derivative of -3*x**4/8 + 4*x**3/3 - 333*x**2 - x. What is l(-4)?
44
Let y(a) = a + 5. Let p be y(3). Let q be p + -1 + 9/3*-1. Let w(u) = u**3 + u. Let n(f) = 4*f**3 - 5*f**2 + 3*f. Let m(r) = n(r) - 3*w(r). Calculate m(q).
-16
Let j be (-1)/(-3) + 672/9. Suppose 0 = j*m - 74*m - 71. Suppose 35 - m = 6*c. Let b(p) = -p + 1. Give b(c).
7
Let p(n) be the third derivative of 0 - 1/12*n**4 + 0*n**3 - 1/120*n**6 + 1/15*n**5 - n**2 + 69*n. Determine p(4).
-8
Let u(h) = -h**3 + 13*h**2 + 10*h + 48. Suppose 96 = 3*k + 18*l, 60*l = -2*k + 59*l + 31. Determine u(k).
-8
Let y(p) be the third derivative of p**5/20 - 7*p**4/12 + p**3 - 2096*p**2. Calculate y(5).
11
Let f = -21 - -15. Let r be ((-15)/9 - -2) + (-46)/f. Suppose -4*g + 5*t - 27 = 0, -3*g + r*g = -4*t - 3. Let c(u) = -u**2 - 5*u - 2. Determine c(g).
4
Let v(w) = 2*w**3 + 23*w**2 + 8*w - 16. Suppose -38 = 2*b - 4*a, 2*a - 46 = 2*b - 4*a. Calculate v(b).
17
Let w(m) = -m**3 + 7 + 9 - 4*m**2 - 3*m + 11*m**2. Suppose -54 = -3*q + 3*a, -22*q + 4*a + 79 = -17*q. What is w(q)?
-5
Let r(k) = 6*k**2 - 358*k + 352*k + 65 - 53 + k**3. Determine r(-7).
5
Let d(j) be the third derivative of j**7/840 + j**6/24 - j**5/120 - 5*j**4/8 + 58*j**3/3 - 14*j**2 - 3*j. Let c(l) be the first derivative of d(l). Give c(-15).
0
Let q be (-2 - (-22)/12)*-2*-537. Let s = -174 - q. Let c(o) = -o**3 + 5*o**2 + o - 5. Calculate c(s).
0
Let q(u) = 4*u**2 + 2*u - 1. Let o(y) = -y**2 + 2. Let a(x) = -7*x**2 - 2*x + 11. Let j(v) = 2*a(v) - 10*o(v). Let c(s) = -2*j(s) - 3*q(s). Determine c(2).
-13
Suppose 0 = 2*m + 8, 94*u - 95*u - m + 3 = 0. Let g(i) = -6*i - 12. Let t(x) = 9*x + 18. Let w(f) = -7*g(f) - 5*t(f). Calculate w(u).
-27
Let v(d) = 6*d**2 + 5*d - 18. Let y(n) = 11*n + 18. Let l be y(-2). Let x(o) = -5*o**2 - 4*o + 15. Let t(p) = l*v(p) - 5*x(p). What is t(-3)?
6
Let n = -5235 - -5228. Let h(y) = -y**3 - 9*y**2 - 16*y - 15. Determine h(n).
-1
Let c(y) = 7*y**2 + 6*y - 97. Let q(i) = 10*i**2 + 9*i - 134. Let x(w) = 7*c(w) - 5*q(w). What is x(-5)?
-19
Let h(r) be the second derivative of -1/6*r**3 - 1/2*r**2 - 2*r - 2. Give h(-3).
2
Let k(a) = a**2 - 5*a + 4. Let h(v) = -2 + 12*v - 5 + 4. Let b be h(1). Suppose t - 3*w = 2*t - 14, -3*w = -b. Determine k(t).
4
Let r(x) = x**3 - 5*x**2 + 7*x - 4. Let j(o) = -4*o - 20. Let n = 15 + -23. Let p be j(n). Suppose p = 5*l - 8. Give r(l).
8
Let m(f) = f**2 + 14*f - 2. Let p be ((-2880)/252)/20 + -2 + 174/(-14). What is m(p)?
13
Let m(o) = -7*o - 32. Let t(a) = 4*a + 18. Suppose 2*p - 10 = -3*w, 2*w - 80 = -4*p - 60. Let g(s) = p*t(s) + 3*m(s). Give g(-3).
-3
Let p(s) = -29*s**2 - 4*s + 4. Let a = 17583 - 17582. Calculate p(a).
-29
Let q be (-1 - 2)/(3/(-8))*-1. Let p(x) = -x - 1. Let h = 28 + -26. Let v(u) = u - 6. Let j(y) = h*p(y) + v(y). Determine j(q).
0
Let j(k) = 8*k - 244376 + 244360 + 6*k - 2*k**2. What is j(10)?
-76
Let l(n) = -n - 8. Suppose -2*o - 2 + 12 = 0. Suppose -3*c + 7 - 21 = 4*k, 0 = -2*c - o*k - 21. Let t be (-6)/(c - 1/2). Give l(t).
-4
Let i = -22093 + 22096. Let d(z) be the third derivative of 7*z**4/12 - 2*z**3/3 - 2*z**2. What is d(i)?
38
Let o(r) be the second derivative of r**3 - 11*r - 36. Let p be (-3)/(-6) - (-21)/6. Suppose -p*j - 5 = 3. Give o(j).
-12
Suppose 0 = -29*x + 25*x + 88. Let i(u) = 3*u + 17 - 35 + x. Let a = -52 + 47. What is i(a)?
-11
Let x(d) = -6*d**2 + 2*d + 4. Let a(y) = 5*y**2 - y - 5. Let l(v) = -7*a(v) - 6*x(v). Let q(f) be the first derivative of l(f). Determine q(4).
3
Suppose 10*z - 5*z - 25 = 0, 5*f + 3*z - 15 = 0. Suppose -3*l - 4*h - 15 = f, -4*l - h - 6 = -l. Let o(a) = -4*a + 2. Calculate o(l).
6
Suppose -10*b - 56 = -24*b. Let d(y) = -5*y**2 + 5*y - 7. Let n(o) = 11*o**2 - 11*o + 15. Let r(l) = -13*d(l) - 6*n(l). Determine r(b).
-11
Let x be 52 + -56 + 24/2. Let g(j) = 8*j - 38*j**2 + 37*j**2 - 10 - 4*j + 10*j. Give g(x).
38
Suppose 4*i = t + 2 + 28, t + 22 = 3*i. Let v(g) = -g**3 - i*g + 6*g + 16*g**2 - 11*g**2 + 8. Determine v(5).
-2
Let 